0 and h.
14
Suppose -4*s - 40 = -5*c, 4*c + s - 26 = 3*s. Suppose -2*b = 5*m - 6*b - 59, -c = -b. What is the highest common divisor of m and 120?
15
Let q(c) = -c**2 + 9*c + 3. Let v be q(9). Calculate the highest common divisor of v and 12.
3
Let w be 1 + 1 + (-19 - -15). Let k = 3 + -2. Let f be k/((-2)/52*w). Calculate the highest common divisor of 104 and f.
13
Let p(k) be the second derivative of -k**5/20 - 5*k**4/6 - k**3/3 + 4*k**2 + 2*k. Let a be p(-10). What is the greatest common divisor of a and 42?
14
Let k = -10 + 65. Suppose o = -1 + 12. Calculate the greatest common divisor of k and o.
11
Suppose 15 = 6*h - 3*h. Suppose -3*u + 2*q + 38 = 0, 4*q = -h*u + 13 + 21. Calculate the greatest common divisor of u and 5.
5
Let w be (-1)/((-64)/20 - -3). Suppose -4*l + 54 = 3*f, -4*l + 59 = -2*f - w. What is the greatest common divisor of l and 5?
5
Suppose -276 = -d - 4*t, 3*t - 529 = -2*d - 2. Let h = d + -137. Calculate the highest common factor of h and 17.
17
Let d(b) = -b**3 + 3*b**2 + 5*b. Let j be d(4). Let f be (4 + -2)/((-2)/j). Let q(x) = -25*x - 1. Let w be q(f). What is the greatest common factor of w and 11?
11
Suppose 3*l = -3*n - 30, -4*n - l - 5 = 23. Let r be 4/n + 80/12. What is the highest common divisor of 24 and r?
6
Let f = -9238 - -13748. Let h be f/45 + 4/(-18). Calculate the greatest common divisor of 25 and h.
25
Suppose 4*c = 4*v - 40, 4*v - 22 = -v - 2*c. Suppose 0 = -10*q + v*q + 160. What is the highest common divisor of q and 100?
20
Let u(j) = -j**2 - 5*j - 2. Let h be u(-1). Calculate the highest common divisor of 7 and h.
1
Suppose -s - 2 = -7. Suppose s*h - 47 = m, 0*h - 7 = -h - m. What is the highest common divisor of 45 and h?
9
Let w(f) = -f + 10. Let b be w(0). Let g be ((-24)/(-9))/2*3. Suppose -g*l - 24 = -84. What is the greatest common factor of b and l?
5
Let j = 94 + -72. Calculate the greatest common divisor of 66 and j.
22
Let x be 1 + (-2 + -158)/(-5). What is the greatest common factor of x and 22?
11
Let j be (8/6)/(2/9). Suppose -n - 110 = -j*n. Calculate the greatest common factor of n and 22.
22
Let v(m) = -32*m**2. Let p be v(-1). Let o be p/3*(-45)/(-6). Let q be (2/(-5))/(1/o). What is the greatest common divisor of 8 and q?
8
Let c be (4/(-10))/(8/(-760)). What is the highest common divisor of c and 114?
38
Suppose 5*n - 342 + 70 = -2*g, 2*n + 5*g - 92 = 0. Calculate the greatest common divisor of 84 and n.
28
Suppose 2*k - 3*g - 13 - 1 = 0, 3*g - 14 = -2*k. Calculate the greatest common factor of k and 63.
7
Let t be (-2)/((-4)/(-20)*-2). Suppose 16 = 4*v + 3*h, -6*v = -v - t*h - 20. Calculate the greatest common divisor of v and 4.
4
Let n(z) = -z**3 + 4*z**2 + 4*z - 3. Suppose 3*b + 5*g = 5 + 7, 5*b = g + 20. Let r be n(b). Let w = r + -9. What is the highest common factor of 32 and w?
4
Suppose -5*x = -4*i - 45, -2*i = x - i - 18. Calculate the highest common factor of x and 91.
13
Suppose 0*m + 5*m - 20 = 0. Let r be (420/(-10))/((-6)/m). What is the highest common divisor of r and 7?
7
Suppose 0 = 6*r - 2*r. Let x = 4 - r. Suppose -y + x*y - 18 = 0. What is the highest common divisor of y and 2?
2
Let y(h) = 5*h**2 - 3*h**2 - 5*h**2 - 2*h. Let t be y(-2). Let c(s) = s**3 + 8*s**2 + 11. Let v be c(t). Calculate the highest common divisor of v and 77.
11
Suppose -u - 4 = 22. Let o be (u/6)/((-1)/6). Calculate the highest common divisor of o and 39.
13
Suppose -5*s - 82 = -f, 9*s - 6*s = -f + 74. Let z(x) = x**3 + 5*x**2 - 2*x - 3. Let r be z(-5). Calculate the greatest common factor of f and r.
7
Let j = -31 - -47. Suppose 0 = -3*q + 245 - 5. Calculate the greatest common divisor of j and q.
16
Suppose -29 = -6*k + 13. Let a(c) = c**3 + c**2 - c + 14. Let h be a(0). What is the highest common factor of h and k?
7
Suppose 5*q + 4 = 5*v - 16, -5*v = 2*q - 13. Let u be 8 + v*(-2)/(-6). Calculate the greatest common factor of 45 and u.
9
Let i = 0 + 23. What is the highest common factor of 92 and i?
23
Let i(t) = t - 6. Suppose 4*g = 15 + 17. Let u be i(g). What is the highest common divisor of 18 and u?
2
Suppose 87*q - 95*q + 1640 = 0. What is the greatest common factor of q and 82?
41
Suppose i - 3 - 31 = 0. Let y = i + -24. Calculate the greatest common factor of 50 and y.
10
Let d(n) = -n - 3. Let z be d(-8). Suppose -4*t - u = -z, t = 2*t - 2*u - 8. Let b be (1 + 3/6)*12. What is the highest common divisor of b and t?
2
Let x = -34 + 133. What is the highest common factor of x and 11?
11
Suppose -s - 3*s = -n - 12, 16 = 4*n. What is the highest common divisor of 1 and s?
1
Let r(t) = -2*t**2 + 25*t + 12. Let u be r(12). Calculate the greatest common factor of u and 216.
24
Let d = 4 - 4. Suppose 0 = 2*i - 6*i + 4*o + 76, i - 4*o - 28 = d. Calculate the highest common factor of i and 144.
16
Suppose -4*q - 4 = -2*q, -3*d - 3*q + 12 = 0. Let g(f) = 10*f**3 - f**2 + f - 1. Let s be g(1). Calculate the greatest common divisor of s and d.
3
Let r be 2/(7/6 + -1). Calculate the highest common factor of 132 and r.
12
Let s(t) = -t**2 + t + 36. Let f be s(0). Let p(l) = l**3 - 3*l**2 + 7*l + 5. Let d be p(5). Calculate the greatest common factor of d and f.
18
Suppose -3*s = -0*u + u, -50 = -3*u + s. Let o = u - 21. Let i = o + 9. What is the highest common divisor of 2 and i?
1
Let v be -8*-5*(-1)/(-4). What is the highest common divisor of v and 1?
1
Let r(j) = -j**3 - 3*j**2 - 7*j - 1. Let h be r(-3). What is the highest common factor of 24 and h?
4
Let y = 35 - 17. What is the greatest common factor of 9 and y?
9
Let o(p) = -p**3 + 2*p**2 + 12. Let i be o(0). Suppose u - i = -2*u. What is the highest common divisor of 20 and u?
4
Let s = 335 + -158. Suppose -3*d = d - 5*a - s, 3*d - 104 = -2*a. Calculate the greatest common factor of d and 95.
19
Suppose 0*u + 4*u - 104 = 0. Suppose -4*g = -5*g - 28. Let k = u - g. What is the greatest common divisor of 6 and k?
6
Suppose -d = -2*d + 11. Let j(k) = 2*k - 1. Let x be j(d). Calculate the greatest common divisor of 7 and x.
7
Suppose -3*n + 2*f + 110 = 0, -4*n + 8 + 157 = f. Let a be 168/20 + (-4)/10. What is the greatest common factor of n and a?
8
Let x = 52 - 13. What is the highest common factor of x and 13?
13
Let z = 35 - 28. Suppose -89 = -2*s + 4*i + 33, -250 = -4*s + 2*i. What is the greatest common factor of z and s?
7
Suppose 30 = -15*m + 18*m. Calculate the greatest common divisor of m and 10.
10
Suppose -6773 = -4*h + 4*z - 3*z, 0 = 5*h + 3*z - 8445. Let a be 2/(-5) + h/30. Calculate the greatest common divisor of 28 and a.
28
Let f(q) = -q**3 - 5*q**2 - 5*q - 2. Let m be f(-4). What is the highest common factor of m and 2?
2
Let k(n) be the second derivative of n**4/12 - n**3/3 + 3*n**2/2 + 9*n. Let s be k(4). Let d be 0 - (3*-22)/2. Calculate the greatest common divisor of s and d.
11
Let w = -507 - -738. Calculate the greatest common divisor of w and 33.
33
Suppose 3*p + 0*p - 5*i - 1452 = 0, -5*p = -i - 2420. Calculate the greatest common factor of p and 44.
44
Let w(m) = -m**2 + 3*m - 2. Let y be w(3). Let g be ((-1386)/24)/(y/8). Suppose 49 = 5*p - g. What is the highest common divisor of p and 14?
14
Suppose 0 = 4*n - j - 22, j + j + 9 = n. What is the highest common divisor of n and 1?
1
Suppose 8*l + 51 = 387. Calculate the highest common divisor of 14 and l.
14
Suppose 0 = c + c - 24. Let k = 44 - c. Calculate the greatest common factor of k and 80.
16
Suppose 3*c + 171 - 15 = 0. Let d = 76 + c. What is the greatest common factor of 60 and d?
12
Let t = 35 - -42. What is the highest common divisor of 7 and t?
7
Suppose -f = -2*f + 9. Let o = 257 - 147. Let g = 155 - o. What is the highest common factor of f and g?
9
Let o be ((-90)/(-4))/(6/8). Suppose -8*x + 4 = -12*x. Let a be 0 - x - (-73 + -1). What is the highest common factor of a and o?
15
Let v = -27 + 45. What is the highest common divisor of v and 18?
18
Let z(m) = 0*m**2 + m**2 + 1 + 3*m**2. Let u be z(-1). Let j be (-1)/(-1) - 0/3. What is the greatest common divisor of u and j?
1
Let j be 15/6 - 5/(-10). Suppose -2*a + 0 + 6 = 0. What is the highest common divisor of a and j?
3
Let b(g) be the third derivative of -g**4/2 - g**2. Let o be b(-2). Calculate the highest common factor of o and 8.
8
Let s = -11 - -11. Suppose 4*l = 4*t - 548, s = 